
Suppose -255*b + 3 = -258*b. What is the units digit of ((-422)/14 - 5)/(b/7)?
6
Let b(a) = 3*a**2 + a - 15. Let h(l) = -18*l + 1 + 20*l + 6 + 19. Let d be h(-16). What is the tens digit of b(d)?
8
Let t be ((-33)/(-44))/(5/20). Suppose -3*z - 12 - 6 = 0. What is the hundreds digit of (z + t)/((-6)/412)?
2
Let g = 266 - 164. Suppose 0 = -3*u - 2*n - n - g, -u - 5*n = 42. Let w = 19 - u. What is the tens digit of w?
5
Suppose 0 = -41*l + 48*l - 63. Suppose -320 = l*a - 13*a. What is the units digit of a?
0
What is the hundreds digit of -1*-394*(-3 - -1416)/9?
8
Let u = 7823 + -4031. What is the tens digit of 1/(-3 + u/1263)?
2
Let l be 10/(-4) - (2 + -1)/2. Let d be (2 + 14)*l/12*-2. What is the tens digit of 806/d - 2/(-8 + 0)?
0
Suppose 12*c - 24*c = 612. Let h = 167 - c. What is the tens digit of h?
1
Suppose -4*b - 28 = 84. Let i(z) = -13*z**2 - 22*z + 43. Let w(f) = 9*f**2 + 20*f - 43. Let m(t) = 2*i(t) + 3*w(t). What is the units digit of m(b)?
3
Let p = 715 - -2039. Suppose -3*o = -4*f + p, 3*f - o - 2074 = -3*o. Suppose 4*c = f - 86. What is the units digit of c?
1
Suppose 36*r = 29*r - 28. What is the tens digit of (0 - 2/r)*(11 + 995)?
0
Suppose 0*o + 3*o = -i + 14, i + 4 = 3*o. Suppose -o*d + 3 = 5*w - 5, 5*w + 2*d = 12. What is the units digit of 12/3*50/w?
0
Suppose -20*k - 2930 = -22*k + 4*t, -1472 = -k - 5*t. Let a = 104 + k. What is the tens digit of a?
7
Suppose u = k - 1452, -4*u - 664 - 3695 = -3*k. Suppose -k = -6*j - 111. What is the hundreds digit of j?
2
Let x = 4 - 2. Suppose 1990 = 8*v + 734. Suppose 2 = -x*t + d + 163, 3*d = -2*t + v. What is the tens digit of t?
8
Let t = 5830 + -2602. What is the units digit of t?
8
Let d(o) = -11*o + 13. Let x be d(8). Let i = -70 - x. Suppose -i*a - 329 = -3*w, 65 - 279 = -2*w - 2*a. What is the tens digit of w?
0
Suppose -t + 38058 = -5*w, -77*t = -79*t + w + 76098. What is the thousands digit of t?
8
Suppose -5*q = -2*b - 22173, 4453 = 6*q - 5*q - 5*b. What is the units digit of q?
3
Let c = 54166 + -9745. What is the ten thousands digit of c?
4
Let x = -2 + 62. Suppose 0 = -47*o + x*o - 7085. What is the tens digit of o?
4
What is the hundreds digit of (446/(-8))/(6/(-576))?
3
Suppose -64*z + 91682 + 989278 = 0. Suppose -125*n + 115*n = -z. What is the hundreds digit of n?
6
What is the thousands digit of (-175875)/(-20) + 3/(-4)?
8
What is the thousands digit of (-777298)/(-62) + (3354/(-93) - -36)?
2
Let d = 38 - 41. Let v be 10 - 10 - 3*d. What is the hundreds digit of v/((-9)/(-178)) - 4?
1
Let h = -27 + 34. Let y(z) = 2*z**3 - 9*z**2 + 14*z - 16. What is the hundreds digit of y(h)?
3
Let f(w) = -5*w + 62. Let u be f(13). What is the tens digit of (u/(42/(-248)))/((-74)/(-259))?
6
Let s(y) be the first derivative of -2*y**3/3 - 6*y**2 - 14*y + 8. Let v be s(-4). Suppose -v*k = -30 - 82. What is the tens digit of k?
5
Suppose 4*b = 30894 - 4238. Suppose -35*m + b = -21*m. What is the units digit of m?
6
Let w = -1310 + 2836. Let q = w - 390. What is the units digit of q?
6
Let u(p) = -2*p**3 - 110*p**2 - 108*p + 167. What is the ten thousands digit of u(-58)?
2
Let f(k) = -k. Let x be (-6 + (4 - -1))*2. Let a(s) = 6*s - 9. Let r(h) = x*a(h) - 14*f(h). What is the units digit of r(-7)?
4
Let x(i) = -2121*i + 1385. What is the units digit of x(-9)?
4
Let c(n) = 41*n**2 + 5*n + 12. Let a be (-24)/16*(-24)/9. What is the hundreds digit of c(a)?
6
Let b(z) be the second derivative of -z**3/6 + 6*z**2 - 6*z. Let y be b(4). Suppose 10 = i - y. What is the tens digit of i?
1
Let q(p) = -2*p**2 + 20*p - 8. Let f be q(16). Let n = -1243 + f. What is the tens digit of (n/(-52))/((-6)/(-16))?
7
Suppose -w = -2, 3*q + 4*w - 36692 = 9*w. What is the hundreds digit of q?
2
Let r = -101 + 107. Suppose r*u = 225 - 177. What is the units digit of u?
8
What is the tens digit of (-2 + (9 - 2))/(-1) - (-8108 + -2)?
0
Let h(p) = -1929*p**3 + 32*p**2 + 3. What is the tens digit of h(-2)?
6
Suppose 2*a - 70 = 72. Suppose -a = -n - 0*n + 4*v, -3*n + 263 = -2*v. Let s = n - 43. What is the units digit of s?
8
Let b = 11934 - 3038. What is the thousands digit of b?
8
Let b be (-4)/(-8)*(2 - -108). Suppose 4*f + f - b = 0. Let d = f + -4. What is the units digit of d?
7
Suppose 0 = 3*k + 5*a - 1822, 2*a + 3078 = -465*k + 470*k. What is the tens digit of k?
1
Suppose 15 = -2*a + m, m + 3*m + 5 = -5*a. Let f(s) = 5*s + 8. Let t be f(a). Let u = 73 - t. What is the units digit of u?
0
Suppose 17 = -o + 36. Suppose 5*c = o*c - 6538. What is the hundreds digit of c?
4
Let z(p) = p**3 - 8*p**2 + 7*p + 5. Let g be z(7). Let a be 0 - (-10 + 7)*3/9. Let h = g + a. What is the units digit of h?
6
Let n = 1704 + -502. Let r = n - 438. What is the tens digit of r?
6
Let u(x) = -2*x**3 - 4*x**2 + 17*x + 16. Let h be -5 + ((-1)/3)/(2/12). What is the hundreds digit of u(h)?
3
Let o be (2546/(-57))/((-2)/(-24)). Let c be ((-8)/(-20))/(11457/2865 - 4). Let v = c - o. What is the hundreds digit of v?
1
Let i be (-2)/8 - 2817/(-36). Let g be ((-37)/(-1))/(6/i). Suppose -12*y + 1343 = -g. What is the tens digit of y?
5
Let v = -327 - -302. What is the hundreds digit of (-21)/15 + 1 + (-11110)/v?
4
Suppose 39*h - 883913 - 934757 - 630218 = 0. What is the ten thousands digit of h?
6
Suppose 5*d + 835 = -1200. Let c = 891 + d. Suppose 2*s + 2*s = 4*t + c, 5*t = 2*s - 245. What is the tens digit of s?
2
Let x(p) = -p - 2. Let y be x(-3). Let i(q) be the second derivative of 17*q**5/4 + q**3/6 - q**2 - 3*q + 7. What is the units digit of i(y)?
4
Suppose 3*r - 32354 = -8000. What is the units digit of r?
8
Let a be 0/(0 - 2) + 284. Let x be (-2)/(-8) + a/16. What is the tens digit of (-9)/x - (-173)/2?
8
Suppose 2*x + 7*w - 315 = 4*w, 156 = x + 3*w. Let s = 97 - x. Let r = -40 - s. What is the tens digit of r?
2
Suppose 4*l = 4*a + l - 1483, 2*a - 5*l = 731. Let k = 388 - a. What is the tens digit of k?
1
Let o = -16988 + 29198. What is the tens digit of o?
1
Let i be (-1 - -5 - 4) + -4. What is the tens digit of (-330)/i + (-15)/30?
8
Let l be (-13)/(-5) + (-12)/(-30). Suppose -4*m = 4*h - 1168, 0 = 4*m - 5*m + l*h + 276. What is the hundreds digit of m?
2
Let t = 704 - 496. Let g(l) = 18*l - 157. Let b be g(9). Suppose -b*z + z + t = 0. What is the tens digit of z?
5
Let w(m) = -m**3 - 8*m**2 - 7*m + 8. Let j be w(-6). Let l = -20 - j. Suppose -s = 5*b - 134, -l*b + 74 = 2*s - 186. What is the units digit of s?
9
Let g = -210 - -258. Suppose g*q - 56*q + 2848 = 0. What is the hundreds digit of q?
3
Suppose -19*n = -8*n + 13*n - 161952. What is the tens digit of n?
4
Suppose -3*l + 4*x = 23, -5*x = -l - 9*x + 19. What is the tens digit of 84 + ((-10)/(-20))/(l/10)?
7
Suppose k - 839 = 5*p, -p + 814 = 3*k - 1687. Suppose k - 267 = i. What is the tens digit of i?
6
Let y = 693 - 266. Suppose -139 = 2*x + p - y, -3*x + 5*p = -432. What is the tens digit of x?
4
Suppose 2 + 10 = 3*y. Suppose -y*m + l = -0*m - 6077, -1520 = -m + l. What is the thousands digit of m?
1
Suppose -6*z = -2*z + 8, 2*z = 5*d - 24124. Suppose -539*j + 535*j = -d. What is the tens digit of j?
0
Suppose 2 = 2*d - 10. Suppose -5*o - d = -3*o. What is the units digit of (-219)/6*-3*(-4)/o?
6
Let s = 5 - 10. Let g(h) = -2*h**3 - 3*h**2 - 13*h + 12. Let m(w) = 2*w**3 + 3*w**2 + 14*w - 16. Let l(d) = 5*g(d) + 4*m(d). What is the tens digit of l(s)?
1
Let k be 3 + (-9)/2 + (-189)/(-6). Suppose -25*d - 25 = -k*d. Suppose d*l = -4*f + 878, 4*l + 178 = -2*f + 884. What is the units digit of l?
8
Let c be (5 - -13585) + 6 + 5. Suppose -17*j + c = 12*j. What is the tens digit of j?
6
Suppose 712 = 3*y - y. Suppose 1940 - y = 6*b. Suppose 20 = 4*j, -4*m + b = j - 9. What is the units digit of m?
7
Let x(h) = 28 + 25 + 31 + 12*h + 40*h**2 - 57. What is the units digit of x(-4)?
9
Let s(d) = d**2 + 23*d + 44. Let t = -99 + 77. Let h be s(t). What is the units digit of h + 33 - 1*3*1?
2
Let f(k) = -5*k + 90. Let q be f(-4). Suppose -2*z + q = 2*r, 61*z - 65*z + 275 = 5*r. What is the tens digit of r?
5
Let d(q) = 3*q**2 - 21*q + 101. Let m(v) = -v**2 + v + 16. Let h be m(0). What is the units digit of d(h)?
3
Let i be (22/(-4) + 4)*10/(-3). Let b = i + 45. Let l = -16 + b. What is the tens digit of l?
3
Let a be (24 - 6)*(-11 - 6). Let r = 49 - a. What is the hundred